
2, 11
Suppose p - 74 = -p. What are the prime factors of p?
37
Suppose 8*c = -13 + 853. List the prime factors of c.
3, 5, 7
Suppose -3*v - y = -200 + 8, v - 5*y - 48 = 0. Let o be v/6*(-2)/(-3). Suppose -o*b + 14 = -2*b + 2*h, 4*b - 3*h - 2 = 0. List the prime factors of b.
2
Let z be -6*(0 + 10/(-6)). What are the prime factors of 5/(30/9)*z?
3, 5
Suppose 5*o - 11 = 4. Suppose o*x - 3*g = -7 - 5, 0 = -3*g + 9. What are the prime factors of (3/4)/(x/(-4))?
3
Let v(a) = -6*a + 18. List the prime factors of v(-9).
2, 3
Suppose k + 3*n = -2*n - 28, 5*k - n = -88. Let p(c) = -15*c - 1. Let d be p(-2). Let h = d + k. What are the prime factors of h?
11
Suppose 0 = -5*v + 81 + 94. List the prime factors of v.
5, 7
Suppose u = 2*u - 14. Let k(y) = -y**3 - y**2 + y - 1. Let b be k(0). List the prime factors of u/2 + b - 1.
5
What are the prime factors of (-2804)/(-14) + (-10)/35?
2, 5
Let s = -42 - -89. What are the prime factors of s?
47
Let c be -3*2/(-3) + 3. Suppose 4*u - 32 = -4*f + u, -u = -c*f + 21. Suppose -2 = f*j - 17. What are the prime factors of j?
3
Suppose 2*h - 6 = -3*h - 2*s, h + 8 = -5*s. What are the prime factors of h?
2
Suppose 5*x = -5, x + 4*x = -2*o + 69. What are the prime factors of o?
37
Suppose u - 36 = 2*p, 0 = -2*p + 3*u - 0*u - 44. Let c be ((-71)/(-4))/((-4)/p). Suppose -c = -5*q - 26. List the prime factors of q.
3
Let p(s) = 2*s**2 + 11*s. Let l be p(-8). Suppose -l = -j - 4*j. What are the prime factors of j?
2
Suppose -2*s = -5*s + 111. List the prime factors of s.
37
Suppose d = -3*d + 24. Let l be (-2)/(-3) + 80/d. Let u = -7 + l. What are the prime factors of u?
7
Let h(x) = x**2 + 2*x - 1. What are the prime factors of h(-4)?
7
Let n(x) = 2*x - 3*x + 4*x**2 + 5*x - 2*x**2 - 1. List the prime factors of n(-3).
5
Let d be ((-6)/(-15))/((-2)/(-90)). Suppose -9 = -3*l + d. List the prime factors of l.
3
Suppose 6*f - 710 - 196 = 0. List the prime factors of f.
151
Let u be -1 + 3 + (-10)/(-5). Let h = -14 + u. List the prime factors of (-3)/(6/h + 0).
5
Suppose -n = 4*o - 513, o + 0*o - 5*n = 144. List the prime factors of o.
3, 43
Suppose -2*f + 372 = 2*f. Suppose 97 = 5*d - f. What are the prime factors of d?
2, 19
Suppose -b - 456 = -5*t + 2*b, 3*t = -3*b + 288. List the prime factors of t.
3, 31
Suppose -4*h + 19 = -5. Let i = -4 + h. What are the prime factors of (-6)/((i/(-1))/2)?
2, 3
List the prime factors of 5236/21 - 3*4/36.
3, 83
Let j be ((-2)/(-6))/(3/9). Suppose d - 2 = j. List the prime factors of d.
3
What are the prime factors of (-9 - -3)*(-2)/4 - -73?
2, 19
Let o(f) = 7*f**2. Let h be o(2). Suppose -m = -5*a - 18, 0*a + 4*a + 26 = -5*m. What are the prime factors of (a/(-8))/(2/h)?
7
Let q be (1 + (-2)/4)*2. Suppose -14 = -g + q. What are the prime factors of g?
3, 5
Let n be 180/(-8)*4/(-5). Suppose -12 - 4 = 4*h, 2*u + n = -3*h. Let d(y) = y**3 + 3*y**2 - 2*y + 1. What are the prime factors of d(u)?
7
Suppose 0 = 4*p + 11 - 3. What are the prime factors of (p + 1)/((-4)/76)?
19
Let d(y) = -y**2 - 7*y + 11. Let l be d(-8). Suppose 5*z - 70 = -3*k, -l*z + 2*k = k - 56. What are the prime factors of z?
17
Suppose 83*a = 81*a + 130. List the prime factors of a.
5, 13
Let z be (-8)/3*18/(-4). Suppose 0 = 2*j - z - 0. Suppose p = -0*p + j. List the prime factors of p.
2, 3
Let u(j) = 2*j + 4 - j**3 - 6*j**2 - 7*j + 3*j**3 - 3*j**3. Let t be u(-5). Suppose -t*f - 2 = -34. What are the prime factors of f?
2
Let n(k) = k**3 + 20*k**2 - 7*k + 37. List the prime factors of n(-20).
3, 59
Suppose -2*g + 4*u = -90 - 40, -5*g = 2*u - 313. What are the prime factors of g?
3, 7
Let d(t) = -20*t**3 - 4*t**2. What are the prime factors of d(-2)?
2, 3
Let r = 7 - 1. List the prime factors of r.
2, 3
Let j = -13 - 8. Let o = j + 52. What are the prime factors of o?
31
Suppose 4 = 4*x - c - 3*c, -5*c = x - 31. Suppose -3*i + 6 = -x. What are the prime factors of i?
2
Let p be (4/6)/((-6)/(-36)). Suppose 28 + p = -4*z. Let u(o) = -o**2 - 11*o - 9. What are the prime factors of u(z)?
3, 5
List the prime factors of 26/117 - (-547)/9.
61
Let l = 15 - 5. Let t = -6 + l. List the prime factors of 5*3/(-1 + t).
5
Let b(o) = 6*o**2. Suppose 4*p - 5*p = 1. List the prime factors of b(p).
2, 3
Suppose -898 = -7*y + 1440. What are the prime factors of y?
2, 167
Let h be 42/((-1)/2 + 1). Let i = h - 39. Let t = 67 - i. What are the prime factors of t?
2, 11
What are the prime factors of 2/((-150)/(-148) + -1)?
2, 37
Let z(c) = c**3 + 4*c**2 - 4. Let h = 5 - 1. Suppose h*x - 9 = 3*t, t - 3*x = -0*t - 3. List the prime factors of z(t).
5
Suppose 3*v + 39 = 63. What are the prime factors of v?
2
Let d(m) = -5*m**2 - 18*m + 20. Let y(b) = -9*b**2 - 35*b + 39. Let i(w) = -11*d(w) + 6*y(w). What are the prime factors of i(11)?
3
Let n = 5 + -2. Suppose n*g - 17 = -3*s - 2*s, -3*s = -4*g + 42. List the prime factors of g.
3
Suppose -5*j - 20 - 145 = 0. Let u = j + 8. Let y = -14 - u. What are the prime factors of y?
11
Suppose 6*j = 2*j + 156. Let g be (4/(-10))/((-1)/15). What are the prime factors of 1/((g/2)/j)?
13
Let v be (3 - 7/3)*3. What are the prime factors of 8 + 3/v*-2?
5
Let j(k) be the third derivative of 0*k + 3*k**2 + 0 + 1/8*k**4 + 1/6*k**3. What are the prime factors of j(3)?
2, 5
Suppose 0 = -3*p - 2*p + 55. Let h = p + 7. List the prime factors of h.
2, 3
Suppose -31*y + 35*y - 328 = 0. What are the prime factors of y?
2, 41
Let i be 133/(-1) + 4 + 0. What are the prime factors of (-1 + 0)/(3/i)?
43
Suppose 0 = r - 2*r. Suppose -4*m + 42 - 162 = r. List the prime factors of (2/(-4))/(5/m).
3
What are the prime factors of (0 - -77) + -2 + -3 + 1?
73
Suppose -m + 4*w + 294 = m, 0 = 3*m - 5*w - 446. What are the prime factors of m?
157
Let k = 297 - 139. What are the prime factors of k?
2, 79
Let p(w) = w**2 - 9*w + 7. Let o be (-29)/(-3) + (-4)/6. List the prime factors of p(o).
7
Let f(d) = -4*d + 1. Let p be f(-2). List the prime factors of (-172)/(-6) - p/(-27).
29
Suppose -5*n = -58 - 2. List the prime factors of n.
2, 3
Suppose -8*b + 97 = -1655. What are the prime factors of b?
3, 73
What are the prime factors of 1*420/((-6)/(-2))?
2, 5, 7
Let w = -8 - -14. Let f = 5 + -2. Suppose 3 = 2*y - f*m, -y - m = -w - 8. List the prime factors of y.
3
Let p be (-1275)/(-21) + 4/14. Suppose 3*b = -16 + p. What are the prime factors of b?
3, 5
Suppose 4*v + 31 = 107. What are the prime factors of v?
19
Let p be (-3 - -6)/(-1 + 2). Let d be (-1 - -1) + (0 - p). List the prime factors of 20 + (d + 2 - 0).
19
Let u(h) = -h**3 - h**2 - h + 4. List the prime factors of u(-3).
5
Suppose -28*a - 178 = -30*a. What are the prime factors of a?
89
Let w(m) = -m + 18. Let r be w(13). Let f(s) = s**3 - 3*s**2 - 7*s + 2. List the prime factors of f(r).
17
List the prime factors of (-16)/(-24) - (-314)/6.
53
Let k(c) = 4*c**2 - c + 3*c**2 - 3*c**2 - 5. List the prime factors of k(3).
2, 7
Let j(l) = -l + 5. Let m be j(5). Suppose 16 = -m*b + 2*b. What are the prime factors of b?
2
Suppose r = 6*r - 35. Let l(s) = -s + 13. List the prime factors of l(r).
2, 3
Suppose 0 = -3*r + 223 + 50. What are the prime factors of r?
7, 13
Let x = 13 + -4. Let m = 5 - x. List the prime factors of (1*-2)/(m/34).
17
Let z = 3 - 1. Let m be 18/4 + 1/z. Suppose 3*v - 36 = -v - 2*l, 24 = 4*v + m*l. List the prime factors of v.
11
Let g(j) = j**3 + 3*j**2 - 3*j + 4. Let u be g(-4). Suppose -2*i - 6 + 16 = u. List the prime factors of i.
5
Suppose f + 2*t = -17, 0 = f - 2*t - 0 + 13. Let x = f + 23. List the prime factors of x.
2
Suppose -9*j + 690 = -246. List the prime factors of j.
2, 13
Let v = 129 + -84. Let u = 25 - v. Let x = u + 32. What are the prime factors of x?
2, 3
Let x(m) be the second derivative of 7*m**4/12 - m**3/6 - m. Let c be x(1). Let b = c - 1. List the prime factors of b.
5
Suppose 5*y + 5 = -5*f, 5*y + 24 + 21 = 5*f. What are the prime factors of f/(-2)*(-450)/20?
3, 5
What are the prime factors of 648/6*(2 + -1)?
2, 3
Let a = -60 + 57. Let n(d) = 5*d**2 + 0 - 4*d**2 - 4*d - 2. List the prime factors of n(a).
19
Suppose -3*s + 2*s - 457 = 2*y, -2*y = -5*s + 451. List the prime factors of y/(-8)*4/3.
2, 19
Suppose 2*g = g + 30. Suppose -2*n - 4*q = -3*n - 3, 2*q = 4*n - g. What are the prime factors of n?
3
Let i(f) be the first 